r when c(3) is divided by 3?
0
Suppose 3*p + 5*x = 302, 2*p - 183 = -3*x + 17. What is the remainder when 301 is divided by p?
19
What is the remainder when 42790/110 - (3/4)/(5/(-20)) is divided by 43?
5
What is the remainder when 6210 is divided by 1 + -26 - -28 - 3*-3?
6
Calculate the remainder when 120 is divided by (-4)/((2 - 1)/(-4))*5.
40
What is the remainder when (1/1)/(-20 + (-1818)/(-90)) - -3680 is divided by 100?
85
Calculate the remainder when (255/(-2))/((-585)/390) is divided by 24.
13
Let f = -279 + 18. Let z = f - -526. Suppose -13*i = -8*i - z. Calculate the remainder when i is divided by 7.
4
Let k(d) = -d**2 - 4*d + 18. Let p be k(-6). Suppose q - 33 = -a, -4*a - 129 = -p*q + q. What is the remainder when q is divided by 25?
4
Suppose 109*v = 4*d + 108*v - 119, 5*d + 15*v = 295. Calculate the remainder when 220 is divided by d.
28
What is the remainder when (4396/(-6))/((-68)/102) is divided by 42?
7
Suppose -13*h - 7 = -14*h. Let j(q) = q**2 - 15*q + 67. What is the remainder when 65 is divided by j(h)?
10
Suppose -108 = -2*p + 3*p. Let b = -79 - p. What is the remainder when b is divided by 13?
3
Let j = 14 - -1. Let w = 408 - 397. What is the remainder when 6 + j - 2*1 is divided by w?
8
Let m = -359 - -354. Suppose 2*s - 6*s = -260. What is the remainder when s is divided by (3 + m)*-15 + 4?
31
Suppose 2*k + 5*x - 513 = 279, 0 = 5*x - 30. Calculate the remainder when k is divided by 7.
3
Suppose -27*x = -22*x - 120. Suppose 21*a = x*a + 3, 0 = 3*c - 4*a - 43. Calculate the remainder when c is divided by 5.
3
Suppose 0 = 61*b + 31*b - 11*b - 10287. Suppose 2*d = 5*d - 138. Calculate the remainder when b is divided by d.
35
Suppose 0 = 46*p - 1291 + 1199. Calculate the remainder when 27 + (1 - 1) - 2 is divided by p.
1
Let x = -9730 - -9991. Calculate the remainder when x is divided by 1.
0
Let y = -58 - -61. Suppose -31 - 8 = -y*r. Suppose 0 = -10*t + 9*t + 24. What is the remainder when t is divided by r?
11
Suppose 5*v + 3*n = 208, 0 = 2*v + n + 4*n - 68. Let y(r) = -2 + v + 3*r + 7. Calculate the remainder when y(-5) is divided by 19.
15
Let h(t) = 21*t + 346. Calculate the remainder when h(9) is divided by 84.
31
Let b(c) = 170*c + 3616. What is the remainder when b(75) is divided by 88?
86
Let z = 77 - -47. Let b(h) = -15*h + 63. Calculate the remainder when z is divided by b(0).
61
Calculate the remainder when 6116 is divided by 576/42 - 30/(-105).
12
Let c = -16 + -50. Let k = c - -67. Suppose -4*m = -5*u + 122, -u - m + k + 18 = 0. What is the remainder when u is divided by 8?
6
Let l(y) = 2*y. Let f(g) = -2*g - 20. Let w(k) = f(k) - 2*l(k). What is the remainder when 301 is divided by w(-16)?
73
Let s(f) = 4*f**2 - f + 4. Let y be s(-2). Suppose 27*a - 10 = y*a. Suppose 17 = h + m, -a*m + 5 = 3*m. Calculate the remainder when h is divided by 9.
7
Suppose -g - 29 = -5*c, 0*c + 5*g = c - 25. Suppose -25*b + 30*b - 161 = -4*j, 0 = -c*b - j + 149. What is the remainder when 521 is divided by b?
28
Let t be (4/8)/(1/76). Suppose t*l = 35*l - 207. Let y = -42 - l. What is the remainder when 100 is divided by y?
19
Suppose 4*y - 4*p - 28 = 500, 4*p = -2*y + 258. Calculate the remainder when 5762 is divided by y.
129
Let f = 86 - 84. Calculate the remainder when (f/(-8) - 1430/(-88)) + -4 is divided by 7.
5
Suppose -16*l + 760 = -8*l. Suppose 6*t - l = 49. What is the remainder when 6/21 + (-892)/(-14) is divided by t?
16
Suppose 25*y - 21*y = -2*x + 2272, 3*y - 1704 = 2*x. Calculate the remainder when y is divided by 524.
44
Suppose 3*n - 5*q - 16 = 0, 3*q + 3 - 6 = 0. Let j be 6/3*-22 - 1. Calculate the remainder when 10*6/j*-9 is divided by n.
5
Let w = -2617 + 2629. Suppose b = -0*b - 8. What is the remainder when w is divided by (-6)/(-2) + (-3 - b)?
4
Let i = -204 - -209. Suppose -3*f + 11 + 1 = 0, -2*f - 72 = -i*o. What is the remainder when 40 is divided by o?
8
Let d be 8 + 0/(-2) - (4 - 6). Suppose -f + d = 5. Suppose f*t - 3 = 67. What is the remainder when 34 is divided by t?
6
Let o(n) = 325*n**2 + 9*n - 10. Let i be o(-2). Suppose -52*u + 80 = -i. What is the remainder when (-878)/(-18) + (-4)/(-18) is divided by u?
23
Let t(n) = 6*n**2 - 344*n - 3313. What is the remainder when 540 is divided by t(-9)?
2
Suppose -3*b + 5*u - 25 - 1 = 0, u = -2*b. Let n = -88671 - -88675. What is the remainder when n is divided by (-6)/b + 0 + 1?
0
Suppose 4*p = 50 + 6. Calculate the remainder when ((-8)/(-8)*-3 + 22)*1 is divided by p.
5
Suppose 2 = 2*a - 6. Suppose 7 = -a*y - 3*v - 6, 3*v = 2*y - 7. What is the remainder when 79 is divided by (2/(-10) + y)/((-24)/200)?
9
Let w(c) = 21 + 3*c + 30 - 5*c + 34. Calculate the remainder when 40 is divided by w(35).
10
Let v = 447 - 747. Calculate the remainder when v/21*(-14)/4 is divided by (-15 + 2)*(-1)/1.
11
Suppose 816 = -3*r - 5*o + 8882, -5*r = -5*o - 13510. Calculate the remainder when r is divided by 60.
57
Suppose -2*k = 8, d - 85 = k + k. Calculate the remainder when 452 is divided by d.
67
Let n be (-9 - -7)*35/175*10/4. Let i = -2 - -3. What is the remainder when 11 is divided by ((5/i)/(-5))/(n/7)?
4
Let w be 73/(-73) - (1 + -6). Suppose -238 = -3*f - w*g, -3*f + 263 = 4*g - 5*g. What is the remainder when f is divided by 18?
14
Let f = 1795 - 1788. Let k(c) = -7*c + 5. Let t be (8/6)/((-2)/6). Calculate the remainder when k(t) is divided by f.
5
Suppose -9*d - 66 = -552. What is the remainder when (-80)/(-192)*-6*(-188)/5 is divided by d?
40
Let r = 308 - -139. Suppose -5*g = -r - 448. Calculate the remainder when g is divided by 23.
18
Let w = -6523 - -7511. Calculate the remainder when w is divided by 10.
8
Suppose -4*d - 4*h - 7 = -3*d, 4*d - 3*h = 10. What is the remainder when 4/d + 0 + 2 is divided by (-7 - 0)*(30 + (-7525)/245)?
1
Let y(m) = 21*m**2 - 7*m - 12. Let k be y(-3). Suppose 194*s - k*s = -92. What is the remainder when s is divided by 7?
2
Suppose 4*u - 4834 = 5*k + 2066, 5*k + 1710 = u. What is the remainder when u is divided by 572?
14
Let p be 0 - (30/80 - (-236)/(-32)). Suppose p*m = 2*h + 4*m - 55, 5*m - 8 = -h. What is the remainder when 132 is divided by h?
17
Calculate the remainder when -16 + 31/2 + 1330/4 is divided by 70.
52
Let j = -495 + 609. Calculate the remainder when 3417 is divided by j.
111
Let f(y) = 2*y**3 + 18*y**2 - 106*y - 18. Calculate the remainder when f(5) is divided by 75.
2
Calculate the remainder when 789/9*(4 - -20) is divided by 81.
79
Suppose -23*l - 120*l + 17*l + 5418 = 0. Calculate the remainder when (-3)/15 - (-641)/5 is divided by l.
42
Let q(r) = 4 - 8 - 2*r - 10 + 0*r. Let n be q(-10). What is the remainder when (-1190)/(-30) + 2/n is divided by 15?
10
Let y be -7 - 3*623/(-21). Let z = 48 - 0. Let r = y - z. What is the remainder when 67 is divided by r?
33
Let j = 12961 - 12919. Calculate the remainder when 16630 is divided by j.
40
Let p(r) = -36*r + 144. Let v be p(35). Calculate the remainder when 0 + (v/(-6))/2 is divided by 6.
3
Let v(s) = -2*s - 9. Let h(t) = 3*t + 45. Let p be h(-14). Suppose -27 = 4*k - g, 4*k = p*g + g - 24. What is the remainder when 12 is divided by v(k)?
2
What is the remainder when 171 is divided by 1736/20 - ((-19)/(-5) - 5)?
83
Suppose -3197 = -160*y + 21*y. What is the remainder when 4168 is divided by y?
5
Calculate the remainder when 2836 is divided by (-1564)/(-16) + (-57)/(-228).
92
Let g = 246 + -140. What is the remainder when g is divided by (-10)/(20/3)*(-74)/3?
32
Suppose -14*l = -610 - 1168. Suppose -2*z = -4*u + 45 + 19, 0 = -2*z. What is the remainder when l is divided by u?
15
Let u(r) = -2*r - 36. Let j be u(-25). Suppose j*g - 130 = 136. What is the remainder when 113 is divided by g?
18
Suppose 2969 = -9*o + 773. What is the remainder when o/14*(-28)/8 is divided by 13?
9
Let x = -567 - -567. Suppose 25*f + 7*f - 992 = x. What is the remainder when f is divided by 4?
3
Let i = -19 + 38. Let m = -135 + 142. Suppose 0 = -m*q - 36 + 414. What is the remainder when q is divided by i?
16
Let w be (3/2 + -1)*40/5. Suppose w*s = 71 + 57. Let x(p) = p**2 + 3*p + 1. What is the remainder when s is divided by x(-5)?
10
Let k(v) = -v + 42. Let r be k(32). Suppose -r = -3*w + 20. Calculate the remainder when 349 is divided by w.
9
Let k be ((-30)/(-18))/(23/12